en 2542 is divided by 8?
6
Calculate the remainder when 1029 is divided by 148.
141
Calculate the remainder when 476 is divided by 24.
20
Calculate the remainder when 2066 is divided by 5.
1
Calculate the remainder when 685 is divided by 14.
13
What is the remainder when 1067 is divided by 75?
17
What is the remainder when 201 is divided by 50?
1
What is the remainder when 49 is divided by 37?
12
What is the remainder when 26 is divided by 8?
2
What is the remainder when 1042 is divided by 55?
52
Calculate the remainder when 154 is divided by 29.
9
What is the remainder when 421 is divided by 133?
22
Calculate the remainder when 2181 is divided by 537.
33
Calculate the remainder when 1397 is divided by 20.
17
What is the remainder when 2205 is divided by 184?
181
Calculate the remainder when 4612 is divided by 2304.
4
Calculate the remainder when 402 is divided by 9.
6
What is the remainder when 159 is divided by 29?
14
What is the remainder when 1333 is divided by 15?
13
Calculate the remainder when 28775 is divided by 44.
43
Calculate the remainder when 682 is divided by 14.
10
Calculate the remainder when 237 is divided by 31.
20
What is the remainder when 67 is divided by 52?
15
What is the remainder when 206 is divided by 8?
6
Calculate the remainder when 20 is divided by 3.
2
What is the remainder when 10167 is divided by 226?
223
Calculate the remainder when 2859 is divided by 13.
12
Calculate the remainder when 200 is divided by 57.
29
What is the remainder when 490 is divided by 110?
50
What is the remainder when 154 is divided by 88?
66
What is the remainder when 405 is divided by 5?
0
Calculate the remainder when 4911 is divided by 13.
10
What is the remainder when 1766 is divided by 118?
114
What is the remainder when 338 is divided by 17?
15
Calculate the remainder when 669 is divided by 28.
25
Calculate the remainder when 462 is divided by 52.
46
What is the remainder when 216 is divided by 66?
18
Calculate the remainder when 1164 is divided by 53.
51
What is the remainder when 1732 is divided by 124?
120
Calculate the remainder when 705 is divided by 87.
9
What is the remainder when 5010 is divided by 24?
18
Calculate the remainder when 120 is divided by 29.
4
What is the remainder when 419 is divided by 205?
9
Calculate the remainder when 1505 is divided by 116.
113
What is the remainder when 515 is divided by 31?
19
Calculate the remainder when 1045 is divided by 175.
170
What is the remainder when 45 is divided by 12?
9
What is the remainder when 81 is divided by 2?
1
Calculate the remainder when 210 is divided by 46.
26
What is the remainder when 217 is divided by 47?
29
What is the remainder when 91 is divided by 16?
11
Calculate the remainder when 539 is divided by 16.
11
Calculate the remainder when 91 is divided by 20.
11
Calculate the remainder when 4644 is divided by 101.
99
Calculate the remainder when 4416 is divided by 7.
6
Calculate the remainder when 166 is divided by 42.
40
What is the remainder when 10 is divided by 9?
1
Calculate the remainder when 859 is divided by 48.
43
Calculate the remainder when 22 is divided by 15.
7
What is the remainder when 2054 is divided by 8?
6
What is the remainder when 2525 is divided by 8?
5
Calculate the remainder when 5732 is divided by 63.
62
Calculate the remainder when 1261 is divided by 627.
7
Calculate the remainder when 327 is divided by 83.
78
Calculate the remainder when 2038 is divided by 208.
166
What is the remainder when 1048 is divided by 395?
258
What is the remainder when 335 is divided by 14?
13
What is the remainder when 160 is divided by 12?
4
What is the remainder when 65 is divided by 18?
11
Calculate the remainder when 95 is divided by 51.
44
Calculate the remainder when 106 is divided by 46.
14
What is the remainder when 3 is divided by 2?
1
Calculate the remainder when 684 is divided by 14.
12
Calculate the remainder when 102 is divided by 11.
3
Calculate the remainder when 78 is divided by 27.
24
What is the remainder when 582 is divided by 145?
2
What is the remainder when 87 is divided by 37?
13
Calculate the remainder when 1342 is divided by 30.
22
What is the remainder when 889 is divided by 8?
1
What is the remainder when 1097 is divided by 303?
188
What is the remainder when 286 is divided by 8?
6
Calculate the remainder when 317 is divided by 41.
30
Calculate the remainder when 187 is divided by 93.
1
What is the remainder when 1802 is divided by 1785?
17
What is the remainder when 113 is divided by 7?
1
What is the remainder when 511 is divided by 136?
103
Calculate the remainder when 1901 is divided by 119.
116
What is the remainder when 23 is divided by 6?
5
What is the remainder when 330 is divided by 23?
8
What is the remainder when 1822 is divided by 32?
30
Calculate the remainder when 49 is divided by 36.
13
Calculate the remainder when 12703 is divided by 121.
119
Calculate the remainder when 24450 is divided by 19.
16
What is the remainder when 20831 is divided by 336?
335
Calculate the remainder when 285 is divided by 74.
63
What is the remainder when 1339 is divided by 17?
13
What is the remainder when 248 is divided by 28?
24
What is the remainder when 710 is divided by 504?
206
Calculate the remainder when 62 is divided by 27.
8
What is the remainder when 2020 is divided by 22?
18
Calculate the remainder when 42 is divided by 9.
6
What is the remainder when 104878 is divided by 23?
21
What is the remainder when 836 is divided by 120?
116
Calculate the remainder when 10429 is divided by 61.
59
What is the remainder when 16 is divided by 5?
1
What is the remainder when 446 is divided by 18?
14
Calculate the remainder when 1295 is divided by 12.
11
Calculate the remainder when 94 is divided by 48.
46
Calculate the remainder when 261 is divided by 36.
9
Calculate the remainder when 45043 is divided by 11.
9
Calculate the remainder when 212 is divided by 12.
8
Calculate the remainder when 831 is divided by 24.
15
Calculate the remainder when 319 is divided by 144.
31
Calculate the remainder when 29 is divided by 4.
1
What is the remainder when 552 is divided by 15?
12
Calculate the remainder when 3100 is divided by 35.
20
Calculate the remainder when 327 is divided by 33.
30
What is the remainder when 127 is divided by 20?
7
Calculate the remainder when 14 is divided by 2.
0
Calculate the remainder when 275 is divided by 22.
11
Calculate the remainder when 3674 is divided by 33.
11
Calculate the remainder when 29 is divided by 25.
4
Calculate the remainder when 882 is divided by 18.
0
Calculate the remainder when 70 is divided by 20.
10
Calculate the remainder when 171 is divided by 36.
27
Calculate the remainder when 96 is divided by 26.
18
Calculate the remainder when 219 is divided by 77.
65
Calculate the remainder when 73 is divided by 11.
7
What is the remainder when 426 is divided by 42?
6
What is the remainder when 18904 is divided by 37?
34
Calculate the remainder when 1812 is divided by 165.
162
Calculate the remainder when 3635 is divided by 605.
5
What is the remainder when 93 is divided by 20?
13
Calculate the remainder when 673 is divided by 48.
1
Calculate the remainder when 144 is divided by 14.
4
What is the remainder when 185 is divided by 7?
3
What is the remainder when 3573 is divided by 73?
69
Calculate the remainder when 1502 is divided by 211.
25
What is the remainder when 335 is divided by 14?
13
What is the remainder when 419 is divided by 132?
23
What is the remainder when 59 is divided by 21?
17
Calculate the remainder when 53 is divided by 6.
5
What is the remainder when 159 is divided by 6?
3
Calculate the remainder when 2260 is divided by 189.
181
Calculate the remainder when 255 is divided by 53.
43
What is the remainder when 834 is divided by 92?
6
Calculate the remainder when 1194 is divided by 13.
11
What is the remainder when 337 is divided by 44?
29
What is the remainder when 80 is divided by 2?
0
What is the remainder when 89 is divided by 7?
5
What is the remainder when 98 is divided by 29?
11
Calculate the remainder when 66 is divided by 19.
9
What is the remainder when 1495 is divided by 20?
15
Calculate the remainder when 1342 is divided by 234.
172
What is the remainder when 5041 is divided by